{"id":18209,"date":"2025-05-23T05:28:57","date_gmt":"2025-05-23T05:28:57","guid":{"rendered":"https:\/\/www.jch.com.pe\/?post_type=product&#038;p=18209"},"modified":"2025-05-23T05:28:57","modified_gmt":"2025-05-23T05:28:57","slug":"conversores-usb-rs485-y-ethernet-rs485-weg","status":"publish","type":"product","link":"https:\/\/www.jch.com.pe\/?product=conversores-usb-rs485-y-ethernet-rs485-weg","title":{"rendered":"CONVERSORES USB\/RS485 Y ETHERNET\/RS485 &#8211; WEG"},"content":{"rendered":"","protected":false},"excerpt":{"rendered":"<div class=\"W100 MGN10PX\">\n<div class=\"\"><img decoding=\"async\" src=\"data:image\/png;base64,iVBORw0KGgoAAAANSUhEUgAAABgAAAASCAYAAABB7B6eAAACyklEQVQ4T62UX0hTURzHv\/riWuDdEnzJlgbzDxjuj8s\/txSW5JQkERJ8GwT3peglKOi1l+ilB4Mw60lokrgeIjHblkGKmjpQLB2iomzmZne7TW267d44d17nbf4rvffhPJxzvp\/z+35\/56ThpD4GlEVv6RnxjDxin7K9kmzaiegzoJqvNDvLCsuM\/pDf197TfkuCHB\/AgGqqbHKZikwGQRDE864EV3wdfR0i5HgABlRjRaNLX6A3CBAgAcjo\/+X32fpsDf8PYEDVmep2xMnJeYEXKyCApcGlN7aHthY5wApFXk7ek3n\/\/D28QHTffEigJourWFss2kL+3QDvV6+960HXTcJMAqxQmMvNDmOBsXJwYtA5MDVQvyeEAVVjqnEVXSiSiRMQDx4Bd+Bd9\/3uRiJOoAmAFYqqS1UOQ6GBFkuMC8LQtyHn8NSwHGKFylxhdmnztHqZ59v+r06u9nLvuYb+\/v5Ysk2tUNCltKOkoITevYmP88Lo1Khz3DOegFihostpV\/75fD3xWrJFsij0PeRYti3Xj42NyaxNy7idkV97udaZrc7OSbiZ6AYxMB6Ce9rtnPBMtNA6+mOuJldH5nfChICt+BbC0+FPCy8X6mZnZzf\/zk20SHlXaawuq7ZnqbI0OwCiTgKMCwLLsT61Wn2WzMX5OIKbQQQjQYQ2QwhPhj+wrewNACniyQy2IXQpbadUlEYqe\/e4Hl2Hd82LwO8AYnzC4pgn5lxrXbsOILJfx8nalFRi0pnsmapMjeQzF+Ewx82BjbAyDX6O\/xx9Fq0HsHHQc5Ny0QhEd1H3Nv10+rkZdgaBjUDq\/nl8wXNYAKwf9pbteZOVd5SlEXXkNa\/gtSkCixhCG64BCB8mLssgZTEDA86gE6eQhPgwijbUAOCOIn4wgMwSSCY6oYAWP+BGF66CQ\/Co4ocDJIgSj\/EKLQjj57+Ik7V\/ADGZc+Q44k0CAAAAAElFTkSuQmCC\" width=\"20\" \/> Convertidor RS485 \/ Ethernet<\/div>\n<\/div>\n<div class=\"W100 MGN10PX\">\n<div class=\"\"><img decoding=\"async\" src=\"data:image\/png;base64,iVBORw0KGgoAAAANSUhEUgAAABgAAAASCAYAAABB7B6eAAACyklEQVQ4T62UX0hTURzHv\/riWuDdEnzJlgbzDxjuj8s\/txSW5JQkERJ8GwT3peglKOi1l+ilB4Mw60lokrgeIjHblkGKmjpQLB2iomzmZne7TW267d44d17nbf4rvffhPJxzvp\/z+35\/56ThpD4GlEVv6RnxjDxin7K9kmzaiegzoJqvNDvLCsuM\/pDf197TfkuCHB\/AgGqqbHKZikwGQRDE864EV3wdfR0i5HgABlRjRaNLX6A3CBAgAcjo\/+X32fpsDf8PYEDVmep2xMnJeYEXKyCApcGlN7aHthY5wApFXk7ek3n\/\/D28QHTffEigJourWFss2kL+3QDvV6+960HXTcJMAqxQmMvNDmOBsXJwYtA5MDVQvyeEAVVjqnEVXSiSiRMQDx4Bd+Bd9\/3uRiJOoAmAFYqqS1UOQ6GBFkuMC8LQtyHn8NSwHGKFylxhdmnztHqZ59v+r06u9nLvuYb+\/v5Ysk2tUNCltKOkoITevYmP88Lo1Khz3DOegFihostpV\/75fD3xWrJFsij0PeRYti3Xj42NyaxNy7idkV97udaZrc7OSbiZ6AYxMB6Ce9rtnPBMtNA6+mOuJldH5nfChICt+BbC0+FPCy8X6mZnZzf\/zk20SHlXaawuq7ZnqbI0OwCiTgKMCwLLsT61Wn2WzMX5OIKbQQQjQYQ2QwhPhj+wrewNACniyQy2IXQpbadUlEYqe\/e4Hl2Hd82LwO8AYnzC4pgn5lxrXbsOILJfx8nalFRi0pnsmapMjeQzF+Ewx82BjbAyDX6O\/xx9Fq0HsHHQc5Ny0QhEd1H3Nv10+rkZdgaBjUDq\/nl8wXNYAKwf9pbteZOVd5SlEXXkNa\/gtSkCixhCG64BCB8mLssgZTEDA86gE6eQhPgwijbUAOCOIn4wgMwSSCY6oYAWP+BGF66CQ\/Co4ocDJIgSj\/EKLQjj57+Ik7V\/ADGZc+Q44k0CAAAAAElFTkSuQmCC\" width=\"20\" \/> Convertidor RS485\/USB<\/div>\n<div>Los gateways WEG son ideales para transmision de datos entre equipos usando los protocolos Modbus RTU y Ethernet Modbus TCP. Adem\u00e1s, sirvem para la pametrizaci\u00f3n de equipos usando la computadora atrav\u00e9s de un puerto ethernet o USB<\/div>\n<\/div>\n","protected":false},"featured_media":18210,"comment_status":"open","ping_status":"closed","template":"","meta":{"_joinchat":[]},"product_brand":[249],"product_cat":[240],"product_tag":[],"class_list":{"0":"post-18209","1":"product","2":"type-product","3":"status-publish","4":"has-post-thumbnail","6":"product_brand-weg","7":"product_cat-automatizacion-industrial","9":"first","10":"instock","11":"shipping-taxable","12":"product-type-simple"},"_links":{"self":[{"href":"https:\/\/www.jch.com.pe\/index.php?rest_route=\/wp\/v2\/product\/18209","targetHints":{"allow":["GET"]}}],"collection":[{"href":"https:\/\/www.jch.com.pe\/index.php?rest_route=\/wp\/v2\/product"}],"about":[{"href":"https:\/\/www.jch.com.pe\/index.php?rest_route=\/wp\/v2\/types\/product"}],"replies":[{"embeddable":true,"href":"https:\/\/www.jch.com.pe\/index.php?rest_route=%2Fwp%2Fv2%2Fcomments&post=18209"}],"version-history":[{"count":1,"href":"https:\/\/www.jch.com.pe\/index.php?rest_route=\/wp\/v2\/product\/18209\/revisions"}],"predecessor-version":[{"id":18212,"href":"https:\/\/www.jch.com.pe\/index.php?rest_route=\/wp\/v2\/product\/18209\/revisions\/18212"}],"wp:featuredmedia":[{"embeddable":true,"href":"https:\/\/www.jch.com.pe\/index.php?rest_route=\/wp\/v2\/media\/18210"}],"wp:attachment":[{"href":"https:\/\/www.jch.com.pe\/index.php?rest_route=%2Fwp%2Fv2%2Fmedia&parent=18209"}],"wp:term":[{"taxonomy":"product_brand","embeddable":true,"href":"https:\/\/www.jch.com.pe\/index.php?rest_route=%2Fwp%2Fv2%2Fproduct_brand&post=18209"},{"taxonomy":"product_cat","embeddable":true,"href":"https:\/\/www.jch.com.pe\/index.php?rest_route=%2Fwp%2Fv2%2Fproduct_cat&post=18209"},{"taxonomy":"product_tag","embeddable":true,"href":"https:\/\/www.jch.com.pe\/index.php?rest_route=%2Fwp%2Fv2%2Fproduct_tag&post=18209"}],"curies":[{"name":"wp","href":"https:\/\/api.w.org\/{rel}","templated":true}]}}