{"id":17168,"date":"2025-05-20T15:59:16","date_gmt":"2025-05-20T15:59:16","guid":{"rendered":"https:\/\/www.jch.com.pe\/?post_type=product&#038;p=17168"},"modified":"2025-05-20T16:00:20","modified_gmt":"2025-05-20T16:00:20","slug":"reles-siemens-3ug","status":"publish","type":"product","link":"https:\/\/www.jch.com.pe\/?product=reles-siemens-3ug","title":{"rendered":"RELES SIEMENS 3UG"},"content":{"rendered":"\t\t<div data-elementor-type=\"wp-post\" data-elementor-id=\"17168\" class=\"elementor elementor-17168\" data-elementor-post-type=\"product\">\n\t\t\t\t<div class=\"wd-negative-gap elementor-element elementor-element-c70fe3d e-flex e-con-boxed e-con e-parent\" data-id=\"c70fe3d\" data-element_type=\"container\" data-e-type=\"container\">\n\t\t\t\t\t<div class=\"e-con-inner\">\n\t\t\t\t<div class=\"elementor-element elementor-element-2b1ddee elementor-widget elementor-widget-wd_text_block\" data-id=\"2b1ddee\" data-element_type=\"widget\" data-e-type=\"widget\" data-widget_type=\"wd_text_block.default\">\n\t\t\t\t<div class=\"elementor-widget-container\">\n\t\t\t\t\t\t\t<div class=\"wd-text-block reset-last-child text-left\">\n\t\t\t\n\t\t\t<div class=\"FS16PX aos-init aos-animate\" data-aos=\"fade-right\"><div class=\"FS16PX aos-init aos-animate\" data-aos=\"fade-right\">Los arrancadores suaves Altivar proporcionan una aceleraci\u00f3n lenta del motor para ayudar a disminuir las descargas mec\u00e1nicas y los picos de demanda el\u00e9ctricos. Altivar Soft Starter es el mejor arrancador suave de su clase, rico en caracter\u00edsticas, f\u00e1cil de usar, compacto y robusto con funcionalidades que incluyen control de par, comunicaci\u00f3n para sistemas de automatizaci\u00f3n y monitoreo. Se pueden utilizar ampliamente para cualquier aplicaci\u00f3n comercial e industrial.<\/div><div class=\"FS16PX TablaFiltrosTitulo\"><div class=\"TablaFiltrosTituloAncho\">\u00a0<\/div><\/div><\/div><div class=\"FS16PX TablaFiltrosTitulo\"><div class=\"TablaFiltrosTituloAncho\">\u00a0<\/div><\/div>\n\t\t\t\t\t<\/div>\n\t\t\t\t\t\t<\/div>\n\t\t\t\t<\/div>\n\t\t\t\t\t<\/div>\n\t\t\t\t<\/div>\n\t\t\t\t<\/div>\n\t\t","protected":false},"excerpt":{"rendered":"<div class=\"FS16PX aos-init aos-animate\" data-aos=\"fade-right\">\n<div class=\"FS16PX aos-init aos-animate\" data-aos=\"fade-right\">\n<div class=\"W100 MGN10PX\">\n<div class=\"\">\n<div class=\"W100 MGN10PX\">\n<div class=\"FS16PX\">\n<div class=\"W100 MGN10PX\">\n<div class=\"FS16PX\">\n<div class=\"W100 MGN10PX\">\n<div class=\"W100 MGN10PX\">\n<div class=\"W100 MGN10PX\">\n<div class=\"FS16PX\">\n<div class=\"FS16PX\">\n<div class=\"W100 MGN10PX\">\n<div class=\"FS16PX\">\n<p>El rel\u00e9 de protecci\u00f3n atierra 3UG Siemens es utilizado en la industria debido a su efectividad en los sistemas de protecci\u00f3n en cascada, el rel\u00e9 tiene como principal caracter\u00edstica su tiempo de reacci\u00f3n evitando disparos inesperados en alimentadores de sistemas esenciales, su versatilidad en corrientes lo hace un elemento muy \u00fatil en sistemas de protecci\u00f3n de motores.<\/p>\n<\/div>\n<\/div>\n<\/div>\n<\/div>\n<\/div>\n<\/div>\n<\/div>\n<\/div>\n<\/div>\n<\/div>\n<\/div>\n<\/div>\n<\/div>\n<\/div>\n<\/div>\n<p><a class=\"whatsapp-btn\" href=\"https:\/\/wa.me\/+51992461432?text=\u00a1Hola!%20Estoy%20interesado%20en%20solicitar%20una%20cotizaci\u00f3n\" target=\"_blank\" rel=\"noopener\">\u00a1Cotiza ahora!<\/a><\/p>\n","protected":false},"featured_media":17169,"comment_status":"open","ping_status":"closed","template":"","meta":{"_joinchat":[]},"product_brand":[253],"product_cat":[242],"product_tag":[],"class_list":{"0":"post-17168","1":"product","2":"type-product","3":"status-publish","4":"has-post-thumbnail","6":"product_brand-siemens","7":"product_cat-control-y-distribucion","9":"first","10":"instock","11":"shipping-taxable","12":"product-type-simple"},"_links":{"self":[{"href":"https:\/\/www.jch.com.pe\/index.php?rest_route=\/wp\/v2\/product\/17168","targetHints":{"allow":["GET"]}}],"collection":[{"href":"https:\/\/www.jch.com.pe\/index.php?rest_route=\/wp\/v2\/product"}],"about":[{"href":"https:\/\/www.jch.com.pe\/index.php?rest_route=\/wp\/v2\/types\/product"}],"replies":[{"embeddable":true,"href":"https:\/\/www.jch.com.pe\/index.php?rest_route=%2Fwp%2Fv2%2Fcomments&post=17168"}],"version-history":[{"count":1,"href":"https:\/\/www.jch.com.pe\/index.php?rest_route=\/wp\/v2\/product\/17168\/revisions"}],"predecessor-version":[{"id":17170,"href":"https:\/\/www.jch.com.pe\/index.php?rest_route=\/wp\/v2\/product\/17168\/revisions\/17170"}],"wp:featuredmedia":[{"embeddable":true,"href":"https:\/\/www.jch.com.pe\/index.php?rest_route=\/wp\/v2\/media\/17169"}],"wp:attachment":[{"href":"https:\/\/www.jch.com.pe\/index.php?rest_route=%2Fwp%2Fv2%2Fmedia&parent=17168"}],"wp:term":[{"taxonomy":"product_brand","embeddable":true,"href":"https:\/\/www.jch.com.pe\/index.php?rest_route=%2Fwp%2Fv2%2Fproduct_brand&post=17168"},{"taxonomy":"product_cat","embeddable":true,"href":"https:\/\/www.jch.com.pe\/index.php?rest_route=%2Fwp%2Fv2%2Fproduct_cat&post=17168"},{"taxonomy":"product_tag","embeddable":true,"href":"https:\/\/www.jch.com.pe\/index.php?rest_route=%2Fwp%2Fv2%2Fproduct_tag&post=17168"}],"curies":[{"name":"wp","href":"https:\/\/api.w.org\/{rel}","templated":true}]}}